5 and 430?
215
Calculate the greatest common factor of 18 and 3025062.
18
Calculate the greatest common factor of 160 and 599136.
32
What is the highest common factor of 77953 and 9673?
569
What is the highest common factor of 251728 and 592?
16
What is the highest common divisor of 3455243 and 22?
11
Calculate the greatest common factor of 433 and 1043963.
433
Calculate the highest common factor of 6346 and 86840.
334
Calculate the greatest common factor of 554250 and 30.
30
Calculate the highest common divisor of 477 and 889605.
477
What is the highest common factor of 2928 and 159?
3
What is the highest common divisor of 3000 and 1260?
60
What is the greatest common divisor of 348495 and 15?
15
What is the greatest common divisor of 5 and 2774755?
5
Calculate the highest common divisor of 1280 and 9080.
40
What is the greatest common divisor of 20712 and 24?
24
What is the highest common divisor of 10967 and 132?
11
What is the greatest common factor of 46 and 1930114?
46
What is the highest common factor of 100977 and 388?
97
Calculate the greatest common divisor of 47197 and 872.
109
What is the highest common factor of 5 and 65957?
1
What is the highest common divisor of 618306 and 42?
6
What is the highest common divisor of 13110 and 1596?
114
Calculate the greatest common factor of 22 and 12092344.
22
Calculate the highest common divisor of 1757 and 913389.
251
Calculate the highest common divisor of 1005 and 1880355.
1005
Calculate the greatest common divisor of 52 and 254.
2
Calculate the greatest common factor of 481688 and 114.
38
What is the greatest common divisor of 116 and 3799?
29
What is the highest common factor of 138 and 209392?
46
What is the highest common factor of 6336 and 135432?
792
What is the highest common divisor of 1428 and 437784?
204
Calculate the greatest common divisor of 2462564 and 460.
92
Calculate the highest common factor of 608 and 603440.
304
Calculate the greatest common divisor of 40179 and 6.
3
What is the greatest common factor of 7612 and 55?
11
What is the highest common factor of 112 and 27076?
28
Calculate the highest common factor of 20922 and 165.
33
Calculate the greatest common divisor of 7 and 159313.
7
Calculate the greatest common divisor of 848 and 34256.
16
What is the greatest common divisor of 10 and 41835?
5
Calculate the greatest common factor of 5313 and 63273.
483
Calculate the highest common factor of 195 and 2301.
39
What is the highest common divisor of 12 and 1433220?
12
Calculate the greatest common divisor of 109 and 752863.
109
Calculate the greatest common factor of 11607 and 292.
73
Calculate the greatest common factor of 513 and 3564153.
171
What is the greatest common factor of 20131 and 123?
41
Calculate the highest common divisor of 419944 and 168.
56
What is the greatest common divisor of 92590 and 5?
5
What is the greatest common factor of 1661 and 8327?
11
What is the highest common factor of 6059 and 664?
83
What is the greatest common factor of 468 and 40560?
156
Calculate the highest common divisor of 6210 and 13230.
270
What is the greatest common factor of 33983 and 3434?
17
What is the highest common divisor of 28428 and 1648?
412
What is the highest common divisor of 24224398 and 22?
22
Calculate the greatest common factor of 319 and 690635.
319
Calculate the highest common factor of 126 and 780822.
126
What is the highest common divisor of 15521 and 979?
11
Calculate the highest common divisor of 1447261 and 119.
17
Calculate the highest common divisor of 73952 and 352.
32
What is the highest common divisor of 2952 and 297?
9
Calculate the greatest common divisor of 224 and 6624.
32
What is the greatest common factor of 32596 and 2030?
58
What is the highest common factor of 39 and 1590264?
39
What is the greatest common factor of 586 and 37797?
293
Calculate the highest common divisor of 24144 and 648.
24
Calculate the highest common divisor of 137 and 1851692.
137
Calculate the greatest common divisor of 1327 and 1.
1
What is the greatest common divisor of 4527 and 936?
9
What is the highest common divisor of 1500 and 2532?
12
Calculate the highest common factor of 10911 and 12.
3
Calculate the greatest common divisor of 314 and 509936.
314
What is the highest common factor of 213584 and 364?
28
What is the greatest common factor of 480904 and 1128?
376
Calculate the greatest common divisor of 11485 and 45.
5
Calculate the greatest common factor of 3960116 and 4.
4
What is the highest common factor of 166 and 191?
1
Calculate the greatest common divisor of 3994185 and 195.
195
Calculate the highest common factor of 50 and 816600.
50
What is the greatest common divisor of 165468 and 36?
12
Calculate the greatest common divisor of 81 and 48762.
81
What is the greatest common factor of 940312 and 72?
8
What is the greatest common divisor of 627475 and 2375?
475
What is the greatest common factor of 27 and 554661?
27
Calculate the greatest common divisor of 1424859 and 7911.
879
Calculate the greatest common factor of 119152 and 616.
88
What is the highest common factor of 3072069 and 13?
13
What is the greatest common divisor of 565 and 17741?
113
What is the greatest common factor of 63570 and 2184?
78
What is the highest common factor of 11707 and 2599?
23
What is the highest common divisor of 9710 and 70?
10
Calculate the greatest common divisor of 12 and 154839.
3
What is the highest common divisor of 213 and 2556?
213
What is the highest common factor of 216609 and 309?
309
What is the highest common factor of 3 and 110772?
3
What is the highest common divisor of 3230 and 255930?
190
Calculate the greatest common factor of 391050 and 360.
90
What is the highest common divisor of 9 and 237195?
9
Calculate the highest common divisor of 5746 and 1534.
26
Calculate the highest common factor of 851185 and 8880.
185
What is the greatest common factor of 21 and 372974?
7
Calculate the highest common factor of 1330 and 2858702.
266
Calculate the greatest common factor of 714 and 7098.
42
Calculate the highest common factor of 10 and 1990540.
10
Calculate the greatest common divisor of 72 and 14888.
8
Calculate the greatest common divisor of 1056 and 82456.
88
What is the highest common factor of 11907 and 186102?
441
What is the greatest common factor of 52 and 28156?
4
What is the highest common divisor of 37730 and 55?
55
Calculate the highest common divisor of 21312 and 100.
4
Calculate the greatest common factor of 9835 and 30.
5
What is the highest common divisor of 3618 and 127032?
402
What is the greatest common factor of 3405 and 7464895?
1135
What is the greatest common factor of 147 and 30674?
49
Calculate the highest common factor of 82102 and 4.
2
What is the highest common divisor of 529446 and 42?
6
Calculate the greatest common divisor of 19 and 25061.
19
Calculate the greatest common divisor of 7 and 68173.
7
Calculate the highest common factor of 36 and 8088.
12
Calculate the highest common factor of 97128 and 96.
24
Calculate the greatest common divisor of 58526 and 65.
13
Calculate the highest common divisor of 22 and 141394.
22
Calculate the highest common divisor of 35910 and 1862.
266
What is the highest common divisor of 586 and 836222?
586
Calculate the greatest common factor of 350 and 35966.
14
Calculate the greatest common factor of 2159 and 11557.
127
What is the greatest common factor of 19 and 2940991?
19
What is the highest common factor of 12322 and 366?
122
What is the greatest common divisor of 53 and 187?
1
Calculate the highest common factor of 6177 and 1566.
87
Calculate the highest common factor of 12848 and 2112.
176
What is the greatest common divisor of 13528 and 534?
178
Calculate the greatest common divisor of 30976 and 121.
121
Calculate the highest common factor of 40 and 124680.
40
Calculate the greatest common factor of 161675 and 223.
223
Calculate the highest common divisor of 2412 and 7326.
18
Calculate the greatest common factor of 525 and 627300.
75
What is the greatest common divisor of 36054 and 126?
18
Calculate the greatest common factor of 4340 and 105.
35
Calculate the greatest common factor of 5060967 and 186.
93
Calculate the highest common factor of 57 and 111929.
19
Calculate the greatest comm